2)?
5
Let x(y) = 10*y**2 + 169*y - 3590. What is x(-29)?
-81
Let k(h) = h**3 + 3*h**2 - 1713*h - 316. Calculate k(40).
-36
Let v(b) = 86*b + 790. Calculate v(-10).
-70
Let y(f) = -399*f + 26314. Calculate y(68).
-818
Let p(a) = -a**2 + 86*a + 5353. Calculate p(139).
-2014
Let x(m) = -31*m**3 + 12*m**2 - 31*m + 32. What is x(1)?
-18
Let t(o) = -21065*o - 126404. Determine t(-6).
-14
Let y(z) = 3417*z + 714185. Give y(-209).
32
Let p(o) = -2*o**2 + 807*o - 6562. Calculate p(8).
-234
Let v(g) = g**3 - 71*g**2 - 637*g + 386. What is v(79)?
-9
Let f(w) = -w**3 + 54*w**2 - 122*w + 3591. Give f(53).
-66
Let y(w) = -991*w - 362. Calculate y(-2).
1620
Let y(w) = w**3 + 117*w**2 + 436*w - 1814. What is y(-113)?
-6
Let u(z) = -246*z + 16933. Give u(71).
-533
Let z(d) = 4*d**2 - 264*d + 78. Calculate z(57).
-1974
Let a(z) = -4*z**2 - 155*z + 373. What is a(-45)?
-752
Let m(h) = -h**3 + 163*h**2 + 2590*h + 14258. Give m(178).
18
Let w(m) = -1825*m - 852284. Determine w(-467).
-9
Let r(o) = 592*o - 3026. Give r(7).
1118
Let b(z) = -5*z**3 + 1377*z**2 + 830*z - 1146. Determine b(276).
-594
Let d(y) = 4*y**2 + 726*y + 7530. What is d(-11)?
28
Let x(o) = 13043*o + 247776. Calculate x(-19).
-41
Let k(m) = -53*m**3 - 2015*m**2 - 39*m - 60. What is k(-38)?
-22
Let u(l) = 4*l**3 - 11*l**2 - 1080*l - 279. Calculate u(18).
45
Let d(u) = -43*u**2 + 3781*u + 267. Calculate d(88).
3
Let d(h) = -h**3 - 4*h**2 + 286*h + 2169. Give d(-9).
0
Let u(f) = 4217*f - 105452. Calculate u(25).
-27
Let n(o) = -8*o**2 - 128*o - 1318. Give n(-13).
-1006
Let t(i) = 3*i**2 + 118*i - 179922. Determine t(226).
-26
Let i(p) = -2*p**3 + 328*p**2 - 1457*p + 28326. What is i(160)?
6
Let a(f) = -f**2 - 2493*f - 4988. Give a(-2).
-6
Let w(u) = -15*u**3 - 334*u**2 + 1909*u - 224. Determine w(-27).
-8
Let y(k) = -k**3 - k**2 - 40*k - 35. What is y(0)?
-35
Let q(a) = 4*a**3 + 89*a**2 - 257*a - 6113. What is q(-22)?
25
Let v(r) = 15*r**2 - 222*r - 96. Determine v(13).
-447
Let n(f) = 1409*f + 8426. Give n(-6).
-28
Let f(j) = 6501*j + 494052. What is f(-76)?
-24
Let n(m) = 2*m**2 + 561*m + 9208. Determine n(-17).
249
Let n(r) = r**2 + 10347*r + 247769. What is n(-24)?
17
Let v(h) = h**3 - 20*h**2 + 49*h - 102. Give v(19).
468
Let j(q) = 5*q**3 + 12*q**2 + 14*q + 8. Give j(-2).
-12
Let b(k) = k**3 - 72*k**2 - 145*k - 34. What is b(74)?
188
Let u(k) = -130973*k + 785828. Give u(6).
-10
Let r(f) = -2*f**2 + 181*f + 2391. Calculate r(-14).
-535
Let w(h) = -49882*h + 798038. Determine w(16).
-74
Let b(x) = -2395943*x + 19167532. Give b(8).
-12
Let a(g) = g**3 - 34*g**2 + 231*g - 214. What is a(28)?
1550
Let i(v) = 9796*v + 88189. Give i(-9).
25
Let j(q) = -609*q**2 - 1174*q + 48. What is j(-2)?
-40
Let n(v) = -v**2 + 6184*v + 12365. Determine n(-2).
-7
Let g(a) = -a**3 + 4*a**2 + 141*a - 516. Calculate g(4).
48
Let o(k) = 1032*k - 39220. Give o(38).
-4
Let f(j) = -380*j + 30737. What is f(82)?
-423
Let l(a) = 63*a**3 - 178*a**2 - 33*a + 9. Give l(3).
9
Let s(b) = -b**3 - 71*b**2 + 83*b - 113. What is s(-72)?
-905
Let d(q) = -1038*q + 16502. Give d(15).
932
Let b(z) = -2*z**2 - 61781*z - 123568. What is b(-2)?
-14
Let b(w) = -4*w**2 - 72*w - 154. Give b(-11).
154
Let d(y) = -5*y**2 + 1236*y - 51465. Calculate d(53).
-2
Let x(s) = -79*s**3 + 792*s**2 + 25*s - 434. Determine x(10).
16
Let t(m) = 169762*m - 169767. Calculate t(1).
-5
Let s(o) = -23308832*o + 139852993. Give s(6).
1
Let d(q) = -q**2 - 169*q + 5525. Determine d(28).
9
Let h(f) = 44*f**2 - 245*f - 552. Calculate h(-2).
114
Let j(k) = -291871*k + 8756143. Determine j(30).
13
Let b(l) = 6*l**3 + 561*l**2 + 5868*l - 15. What is b(-12)?
-15
Let i(n) = -3*n**3 - 42*n**2 - 1615*n - 22604. Determine i(-14).
6
Let d(k) = 2*k**3 + 37*k**2 + 40*k + 1113. Determine d(-19).
-8
Let a(v) = -19016*v - 3004499. Determine a(-158).
29
Let s(u) = u**3 + 669*u**2 + 33212*u + 1261. Calculate s(-615).
31
Let c(d) = 5*d**2 - 171*d - 221. Determine c(35).
-81
Let f(w) = -67458*w + 607078. Give f(9).
-44
Let h(m) = -10*m**3 + 321*m**2 + 2037*m - 57416. Give h(33).
4
Let m(v) = -3*v**3 + 282*v**2 - 92*v + 7986. Determine m(94).
-662
Let c(x) = -6*x**2 - 497*x + 2712. Give c(-88).
-16
Let b(y) = 15086*y - 181000. Calculate b(12).
32
Let z(r) = -223*r - 552. Calculate z(-16).
3016
Let v(h) = -114*h**3 + 3194*h**2 - 66*h + 118. What is v(28)?
-162
Let z(u) = 2*u**2 + 11*u - 91803. Determine z(-217).
-12
Let z(r) = -r**3 - 76*r**2 - 228*r - 20. Determine z(-3).
7
Let a(r) = 279*r + 8246. What is a(-30)?
-124
Let p(t) = 3085*t**2 + 3*t + 43. Determine p(0).
43
Let d(h) = 4*h**3 + 1821*h**2 + 2275*h + 2250. Calculate d(-454).
-20
Let i(l) = -3*l**3 + 194*l**2 + 620*l + 4092. Give i(68).
12
Let u(f) = 20084*f + 40165. Calculate u(-2).
-3
Let p(h) = 820*h - 294393. Determine p(361).
1627
Let y(r) = -777*r + 11380. Calculate y(12).
2056
Let q(z) = -61*z**3 + 2*z**2 + 235*z - 236. Give q(1).
-60
Let s(y) = -999*y**3 + 2988*y**2 + 37*y - 35. Determine s(3).
-5
Let x(z) = -2*z**2 - 15745*z - 94411. What is x(-6)?
-13
Let f(p) = 5*p**2 + 707*p + 20535. Determine f(-41).
-47
Let r(p) = p**3 - 30*p**2 - 4741*p + 146008. Calculate r(31).
-2
Let q(r) = 12*r**3 - 112*r**2 + 74*r - 5. Determine q(9).
337
Let z(y) = -11*y**2 - 32*y - 195. Determine z(-5).
-310
Let m(r) = 29943*r - 239553. Determine m(8).
-9
Let i(o) = -31665*o + 62865. What is i(2)?
-465
Let a(f) = 5*f**3 - 526*f**2 + 137*f - 5350. Give a(105).
-1990
Let h(a) = 292*a**2 + 34165*a + 120. Give h(-117).
3
Let q(k) = -k**3 + 7*k**2 + 17405*k - 139228. What is q(8)?
-52
Let y(p) = 3052*p - 167938. What is y(55)?
-78
Let s(t) = t**3 + 156*t**2 - 182*t - 4116. What is s(-157)?
-191
Let u(m) = 6*m**3 + m**2 - 12*m + 16. Determine u(-2).
-4
Let w(x) = x**3 - 324*x**2 - 239*x - 27985. Calculate w(325).
-35
Let k(b) = b**3 + 86*b**2 - 892*b + 1154. What is k(8)?
34
Let p(r) = r**3 - 109*r**2 - 103*r - 520. Give p(110).
250
Let c(k) = -17420*k - 853570. Determine c(-49).
10
Let a(u) = -u**3 + 90*u**2 - 290*u + 34783. Determine a(91).
112
Let u(b) = 2*b**3 - 515*b**2 + 184*b + 18817. Calculate u(257).
56
Let a(n) = 349*n + 21632. Determine a(-62).
-6
Let l(v) = 28266*v + 282595. Determine l(-10).
-65
Let s(b) = -4129*b + 59956. Determine s(15).
-1979
Let s(i) = 1198*i - 56346. Determine s(47).
-40
Let o(c) = 7*c**2 - 609*c - 5351. Calculate o(95).
-31
Let u(o) = -328*o + 1009. Give u(-4).
2321
Let t(y) = -11171*y - 1709199. Calculate t(-153).
-36
Let p(f) = 53*f**2 + 653*f + 470. Give p(-12).
266
Let f(i) = 403*i - 10903. What is f(27)?
-22
Let a(o) = -1581*o + 349327. Calculate a(221).
-74
Let u(r) = -50171*r - 151671. Calculate u(-3).
-1158
Let c(g) = 5312*g - 95630. Give c(18).
-14
Let q(m) = -114803*m - 1492437. Calculate q(-13).
2
Let x(l) = 3*l**3 - 3877*l**2 + 977*l + 406942. Determine x(1292).
-38
Let n(o) = -o**3 - 803*o**2 - 10293*o - 301. Give n(-13).
-2
Let c(k) = -125*k**2 - 20493*k + 1154. Give c(-164).
6
Let i(t) = 344*t + 24120. Determine i(-71).
-304
Let a(q) = -32*q**2 + 1692*q - 3062. Determine a(51).
-2
Let l(p) = -21416*p - 728135. Calculate l(-34).
9
Let v(j) = -j**3 - 162*j**2 + 15*j + 78059. Calculate v(-159).
-169
Let p(m) = -2*m**2 + 409*m + 5852. Give p(214).
1786
Let w(j) = 3*j**3 + 144*j**2 + 7*j + 306. Calculate w(-48).
-30
Let x(y) = y**3 + 294*y**2 - 566*y - 18031. Determine x(-7).
-6
Let g(k) = -2*k**3 - 1727*k**2 - 8570*k + 72. What is g(-5)?
-3
Let i(x) = 2*x**2 - 79*x - 3. Determine i(8).
-507
Let f(b) = b**3 + 59*b**2 - 511*b - 20109. Calculate f(-62).
41
Let p(j) = -14300*j + 128604. Calculate p(9).
-96
Let g(d) = -5*d**2 - 119*d + 950. What is g(-30)?
20
Let s(g) = 21*g**2 - 36*g - 1. Calculate s(8).
1055
Let u(a) = -5998*a + 60006. Give u(10).
26
Let w(g) = g**3 + 35*g**2 - 236*g + 37. Determine w(7).
443
Let s(y) = 3837*y - 2378. Determine s(1).
1459
Let v(w) = 14757*w + 14652. Give v(-1).
-105
Let q(w) = 173*w + 15121. Determine q(-87).
70
Let y(z) = 16120*z - 80662. Give y(5).
-62
Let j(b) = 72*b**3 - 33478*b**2 - 955*b + 11612. Determine j(465).
-13
Let r(t) = 1872*t**3 - 3*t + 4. Give r(1).
1873
Let n(m) = 2*m**3 - 164*m**2 + 1378*m - 113000. What is n(82)?
-4
Let v(b) = b**2 - 13*b - 1329. Calculate v(45).
111
Let d(g) = 9*g**2 + 1028*g + 1027. Give d(-114).
799
Let d(v) = -2*v**3 + 2